 r + -52. Let p(c) = -3*c**2. Give p(t).
-3
Let i(m) = -2*m**3 - m**2 + 311*m - 7 + 5 - 310*m. Give i(-2).
8
Let l(w) = w**2 - 8*w - 6. Let y be 9 + (126/(-33) - (-6)/(-33)). Let z be (13/((-65)/18))/((-2)/y). Calculate l(z).
3
Let v(q) = -2*q**2 - 7*q + 11. Let t(x) = -x**2 - 4*x + 5. Let f(b) = -5*t(b) + 2*v(b). Let k = -50 - -45. Calculate f(k).
-8
Let p = -18 + 29. Let w(r) = -p*r + 5*r + 7*r - 1. What is w(-7)?
-8
Let d(n) = 1 - 7*n + 33*n - 10*n - 6*n. Calculate d(-1).
-9
Let q(f) = 0 + 1 - 5 - 4*f**2 + 3. Suppose -2*t = 7 - 5. Determine q(t).
-5
Let o be 145/(-15) - (-6)/9. Let g(f) be the third derivative of -f**5/60 - 11*f**4/24 - f**3/3 + 257*f**2. What is g(o)?
16
Let a(d) be the first derivative of -9 - 1/2*d**2 + 1/3*d**3 + 10*d. Let h(g) = g - 3. Let m be h(3). Give a(m).
10
Let u(r) = -2*r - 21. Let y be u(-13). Suppose 0 = -y*c - 13 + 38. Let o(z) = 0*z**3 - z**2 + 1 - z**3 + c*z**3. Calculate o(-1).
-4
Let r = -26 - -36. Suppose 0 = 2*z + 2*j + 4 - r, z + 9 = 2*j. Let b(k) = -13*k**2 - k - 1. Determine b(z).
-13
Let q(u) = -4*u. Let c(l) = -3*l + 6. Let g(k) = 10*k - 18. Let w(o) = -7*c(o) - 2*g(o). Let n be w(8). Give q(n).
-8
Let t(s) = -1175*s**2 + s - 9*s + 1174*s**2 + 8. Determine t(-9).
-1
Let t(m) = m - 13. Let s(a) = 4*a**2 - 36*a + 91. Let l be s(6). Determine t(l).
6
Suppose 3 = 7*d - 4*d, -2*d = -u + 3. Suppose 0 = u*a + a. Let q(p) = p**2 - p - 5. Give q(a).
-5
Let a(q) = 14*q**2 - 23*q - 1. Let u(i) = -5*i**2 + 8*i. Let s(r) = -3*a(r) - 8*u(r). What is s(4)?
-9
Suppose t + 9 = -2*q, -q + 0*t - 3*t - 2 = 0. Let h(g) = 2*g - 3. Let r(m) = m - 2. Let b(c) = q*r(c) + 3*h(c). Give b(5).
6
Suppose 3*y + 25*h - 20*h = -10, h = -4*y - 19. Let l(p) = -p + 0*p**2 + 4*p + p**2. Give l(y).
10
Let w(a) = -11*a + 11. Let r(q) = 5*q - 5. Let b = -68 + 59. Let f(c) = b*r(c) - 4*w(c). Determine f(-4).
5
Suppose 4*b + 5*a = 11, -4*b - a + 37 = 6. Suppose 2*f = -2*w + 10, -5*f + b + 4 = -w. Let z(j) = -j**3 + 4*j**2 + j - 2. Calculate z(f).
10
Let c = -4 - -6. Let m(r) be the third derivative of 0*r**3 + 1/8*r**4 + 0*r + 4*r**2 + 0. Determine m(c).
6
Suppose -2*x - 25 = -3*k, 4*k - 7*x + 3*x - 40 = 0. Suppose 7 = c + 4, 9 = 3*j + k*c. Let m be ((48/j)/(-2))/2. Let s(p) = p**3 - 6*p**2 + p - 1. What is s(m)?
5
Let h be -1 - 30/(-4) - (-24)/48. Let q(i) = -2*i**2 + 3*i + 9. Determine q(h).
-68
Let y be (32/(-18))/(78/(-351)). Let j(a) = a - 9. What is j(y)?
-1
Suppose 5*f + 4*q - 7 = 3, -5*q - 2 = -f. Suppose 0*r + f*r = 30. Let k = r + -13. Let y(o) = -o**3 + 2. Determine y(k).
-6
Let m(w) = w + 7 - 18 + 8 + 7. Let o = 4 + 0. What is m(o)?
8
Let w(k) = 7*k + 1 - 12 - 2 - 15*k**2 + 3*k + 14*k**2. What is w(8)?
3
Suppose 2*c = -6*a + a + 15, -4*a = c - 9. Suppose x - 8 = -2*n, -2 - a = 3*x - 3*n. Suppose -6*s = -x*s - 24. Let j(w) = -w**2 + 8*w - 7. Determine j(s).
5
Let b(n) = n - 13. Let o be b(12). Let d(m) = m + 1. Let z be d(o). Suppose 4*g + g - 20 = z. Let l(w) = w**3 - 5*w**2 + 3*w + 2. Calculate l(g).
-2
Let c = 9 - 8. Let k(t) = 11*t**2 + t + 2. Let y(v) = 22*v**2 + 2*v + 5. Let d(n) = 7*k(n) - 3*y(n). What is d(c)?
11
Let z(c) = 2*c + 5. Let u be 48/(-120) - 28/5. Calculate z(u).
-7
Let l = -3 + -10. Let s(y) = 2*y + 24. Let j be s(l). Let t(n) = -4*n + n**2 - 2 - 1 + 2*n. Calculate t(j).
5
Let d(j) be the second derivative of 0 - 9/2*j**2 + 1/12*j**4 + 4*j + 0*j**3. Let m = -12 - -12. Calculate d(m).
-9
Let v(t) = 3*t**3 + 8*t**2 + 3*t - 5. Let o(r) = 4*r**3 + 10*r**2 + 4*r - 6. Let x(f) = -4*o(f) + 5*v(f). Give x(-1).
1
Suppose 36 = 6*s - 2*s. Let i(a) = a**2 - 17*a - s*a + 32*a + 1. What is i(-5)?
-4
Let n(y) = 2*y - 2. Let f be (-357)/14*12/9. Let z = -31 - f. Let v(q) = -q + 9. Let j be v(z). What is n(j)?
10
Let l(d) = 2*d**3 - d**2 - 2*d - 1. Let y(a) = -a**2 - 6*a + 2. Let k be y(-6). Let h be k/8 + 225/(-36). Let m be 4*(1 - (-3)/h). Calculate l(m).
7
Suppose 2*d = 7*d - 20. Let s(z) = -d*z**2 + 5*z**2 + z**2. Let b = 0 - -2. Calculate s(b).
8
Let v = 858 + -868. Let p(q) = -q**3 - 10*q**2 + q + 9. Determine p(v).
-1
Let w be 12/54 - 100/(-36). Let m(r) = -10*r + 7. Give m(w).
-23
Let l be 4*(-6)/(-120)*(-175)/(-21). Let d(s) be the second derivative of 11*s + l*s**3 + 0 + 0*s**2. Determine d(1).
10
Suppose 5*a - 3*a = -5*n + 12, -20 = 5*a. Let c = -29 - -40. Let f(w) = c*w + 1 - 2 - 9*w - 2. What is f(n)?
5
Let k be 9/(-15)*(-1900)/(-285). Let t(z) = -3*z**2 - 12*z - 1. Give t(k).
-1
Let v(n) = -3*n**3 + 3*n**2 + n. Let q = -142 - -140. What is v(q)?
34
Let z(a) = -a**3 - 4*a - 3. Let x = -64 - -62. Calculate z(x).
13
Let l(a) = a**2 - 24*a + 45. Let f(t) = t**2 - 23*t + 44. Let x(b) = 6*f(b) - 5*l(b). Let z be x(15). Let q(i) = -3*i - 2. Determine q(z).
16
Suppose -55*s + 33 = -44*s. Let r(u) = -u**3 - u**2 - 2*u + 1. Calculate r(s).
-41
Let c(t) = t**3 - 6*t**2 + 3*t - 8. Let x(z) = z**3 - 25*z**2 + 23*z + 33. Let d be x(24). Let j be 51/d - 3/(-9). Give c(j).
10
Let k(p) be the second derivative of p**6/120 + p**5/120 + 2*p**4 + 12*p. Let c(h) be the third derivative of k(h). What is c(-2)?
-11
Let l(a) = a**2 - 2*a - 1. Let u(p) = -7*p - 87. Let c be u(-12). Let h(q) = 2*q**2 - 2*q - 1. Let b(r) = c*l(r) + 2*h(r). Give b(-3).
4
Suppose 10*s - 6*s = 28. Suppose -s - 2 = z. Let o be 1 + 0 + 6 + z. Let n(u) = u**3 - 2*u**2 - u. Give n(o).
-14
Let g(z) be the first derivative of z**6/360 + z**5/20 - 7*z**4/24 + 2*z**3/3 - 9. Let p(q) be the third derivative of g(q). Let i = 12 + -19. What is p(i)?
0
Let o(h) be the first derivative of 2*h**3/3 + 6*h**2 + 6*h - 510. What is o(-6)?
6
Let m(z) = -29 + 66 - z + z**3 + 3*z - 33 - 6*z**2. Determine m(5).
-11
Suppose -2*n - 408 = -404. Let f(i) be the third derivative of -1/6*i**4 + 0 + 0*i - i**2 + 1/6*i**3. Calculate f(n).
9
Suppose 3*f = -2*f - 35. Let o(q) = -120*q**2 + 8*q - 126*q**2 + 247*q**2. Determine o(f).
-7
Let i(d) = d**3 - 8*d**2 + 8*d - 5. Let s be 24/14 - 16/(-56). Let x(l) = l**3 - 2*l + 3. Let u be x(s). Determine i(u).
2
Suppose -10 = 2*r, 0*q + 5*r = 2*q - 13. Let g(n) = n**2 + 7*n + 9. Give g(q).
3
Let n = -20 - -16. Let v be (-70)/(-21)*(24/(-5))/n. Let c(x) = x**2 - 6*x + 5. Calculate c(v).
-3
Suppose 6*i - 50 + 98 = 0. Let p(w) be the first derivative of -w**4/4 - 3*w**3 - 4*w**2 - 8*w - 7. Determine p(i).
-8
Let x(w) be the first derivative of w**2/2 - w + 1. Suppose s + 232 = 3*s - 4*v, 3*s = v + 358. Let y be (-48)/s - 46/10. Give x(y).
-6
Let h(r) = -r**2 + 3*r. Let g = 66 + -58. Suppose k + 20 = 6*k - 5*i, -4*i = -2*k + g. Calculate h(k).
-4
Let n(d) = -5*d + 7. Let m be n(-1). Let s(z) = -z**3 + 11*z**2 + 12*z + 17. Give s(m).
17
Let l(s) be the third derivative of s**5/20 + s**3/6 - 18*s**2. Let x = -7 - -11. Let z be 2/x*(-6)/3. Determine l(z).
4
Let c(x) = x - 3. Suppose -4*p = 22*p - 104. What is c(p)?
1
Let o(a) be the third derivative of -a**6/20 - a**3/6 - 148*a**2. Calculate o(1).
-7
Let h(d) = 7*d + 8. Let v(l) = -11*l - 10. Let r(j) = 3*h(j) + 2*v(j). What is r(-4)?
8
Let j(w) = 2*w + 1. Let u(b) = b. Let d(o) = 6*o + 5. Let g(f) = -d(f) - 2*u(f). Let n(z) = 2*g(z) + 9*j(z). Suppose 2*v + 18 = -v. What is n(v)?
-13
Suppose -5 = r - 0. Let j(k) = 0 - k**3 + 20*k**2 + 0 - 47*k**2 - 1 + 22*k**2. Give j(r).
-1
Let a(w) = 3*w**2 + w - 4. Suppose -u - 7*j + 17 = -3*j, -5*u + j - 20 = 0. Determine a(u).
20
Let v(n) = 237 - n + 222 - 460 - n**3 - 3*n**2 + 0*n**3. What is v(-2)?
-3
Let i(p) = -p**2 + 2*p + 8. Let n = 94 - 88. Calculate i(n).
-16
Let h = 91 + -90. Let y(b) be the third derivative of -b**4/8 + b**3/6 - 21*b**2. What is y(h)?
-2
Let z(c) = -c**2 - 18*c - 14. Suppose 2*o - o + 17 = 0. Let a be z(o). Let k(r) = r**3 - r**2 - 4*r + 4. What is k(a)?
10
Let j(f) = -20*f - 3. Let v(k) = 25*k + 3. Let p(a) = -7*j(a) - 6*v(a). Calculate p(1).
-7
Let b(w) = 2*w - 12. Let k be b(9). Suppose 5*l + 10 = -4*i, -3*l = 4*i - i + k. Let m(r) = -r - 1. Determine m(i).
-1
Let s(v) = -3*v**2 - v - 22. Let j(o) = o**2 + 8. Let n(t) = 17*j(t) + 6*s(t). What is n(-4)?
12
Let h be (3 - -8) + (-126)/14. Let i(g) = 2*g**3 + g - 1. Determine i(h).
17
Suppose 3*l - 4*u - 10 = 0, -48*l + 4*u + 20 = -50*l. Let z(w) = -4 + 5 + w + 1. What is z(l)?
0
Let l be (2/5)/((-5)/(-675)). Let n(c) = 5*c + 0*c**2 - l + 52 - c**3 - 3*c**2. Let w = 1 - 5. Determine